154 = -m + 3*m, -388 = -5*m + 4*j. Calculate the greatest common divisor of 10 and m.
10
Suppose 48 = 4*p - 144. Calculate the highest common divisor of p and 16.
16
Let c = -144 - -145. Calculate the highest common divisor of c and 13.
1
Let x = -57 - -85. Suppose -k + 6 = -8. What is the highest common factor of k and x?
14
Suppose -4*v + 16 = -28. Let g = v + -8. Suppose 0 = 2*m - 4 - 0. Calculate the highest common divisor of m and g.
1
Suppose 2*s - 14 = 4*s. Let c = s + 3. Let k be (-108)/(-14) + c/(-14). What is the highest common factor of k and 88?
8
Let k(u) = u + 19. Let q be k(-9). What is the highest common divisor of q and 5?
5
Let k be ((-2)/(-20)*16)/((-6)/(-225)). Calculate the greatest common divisor of 20 and k.
20
Let n = 6 + -3. Suppose 2*v + 7*i = 4*i + 36, -4*v + n*i + 54 = 0. Calculate the greatest common factor of v and 5.
5
Let x = -21 - -23. What is the highest common divisor of 10 and x?
2
Let i(k) = 2*k**2 - 4*k. Let l be i(4). Let p = -32 + 36. Calculate the highest common factor of p and l.
4
Let t be 80/12*816/20. What is the highest common divisor of 34 and t?
34
Let i be (1*-1)/(5/(-20)). Let l be -1 - (-12 - (-2 + i)). Let a be 1 - 15/(-2)*12. What is the highest common divisor of l and a?
13
Let i be 1161/12 - 6/8. Calculate the highest common divisor of i and 12.
12
Let u be 120/4*(-4)/(-10). Let n(o) = -o**3 + o**2 - o + 30. Let w be n(0). What is the highest common factor of u and w?
6
Suppose 2*m + 1 = 21. Calculate the highest common factor of m and 90.
10
Suppose 2*x = 3*k - 3*x - 571, 5*x - 925 = -5*k. Suppose 0*v + 27 = v - 2*j, v = -5*j - 8. Calculate the highest common divisor of v and k.
17
Suppose 10*n - 7*n = 3. Calculate the highest common factor of 1 and n.
1
Suppose 0 = -5*f - u + 125 - 36, -2*f + 40 = -4*u. Let j(p) = 6*p + 24. Let d be j(5). What is the greatest common divisor of d and f?
18
Let y(k) = -3*k**2 + 2*k**2 + k - 3 + 4 + 2*k**2. Let w be y(-2). Suppose -w*m + 16 = m. Calculate the highest common factor of m and 32.
4
Suppose -4*a + 42 = 5*g - 56, 0 = -2*a - 3*g + 50. Suppose k - 4 = 8. Let u = a - k. What is the highest common divisor of u and 20?
10
Suppose 2*m - 6 = -0*m. Let k be 3/(-9) + 31/m. Calculate the highest common factor of 5 and k.
5
Let d(r) = -r**3 - 5*r**2 + 4*r - 8. Let n be d(-6). Let m be -2*1/2 + 1. Suppose n*i - 2*i - 8 = m. What is the highest common factor of 4 and i?
4
Let q be (-10)/(-8)*(-5 - -9). Suppose -q*g + 130 = 5*d, 4*d + 0*g - 94 = g. Calculate the greatest common factor of d and 8.
8
Let f = -80 + 91. Calculate the greatest common factor of f and 121.
11
Suppose 2*t - 8 = -0. Let u be 80/(-12)*(-66)/t. Calculate the greatest common divisor of u and 10.
10
Suppose 0 = i + 4*i. Suppose y - 5*y + 108 = i. Calculate the greatest common factor of 3 and y.
3
Suppose 4*b = 4*w + w - 32, -w = -5*b - 40. Let f(y) = -y**3 - 9*y**2 - 8*y + 10. Let v be f(b). Calculate the greatest common factor of 70 and v.
10
Suppose 3*r - 3*t = 18, -2*r = 5*t - 0*t - 40. Let j = -57 + 137. What is the highest common factor of r and j?
10
Let d be -3*1/((-3)/176). Calculate the greatest common factor of 16 and d.
16
Let n = 29 + -25. What is the greatest common divisor of n and 32?
4
Let l(s) = s**3 + 7*s**2 - 17*s + 11. Let m be l(-9). Let x(c) = 2 - 3 - c + 6*c**2 + 2. Let h be x(1). What is the highest common factor of m and h?
2
Let d be 12*(-2 - (-5)/2). Calculate the greatest common factor of d and 3.
3
Suppose -2*u = -4*b + 197 - 43, 3*b - 2*u = 118. What is the highest common factor of 90 and b?
18
Let d be (-4)/(1/314*4). Let h = d + 450. Suppose h = j - 84. Calculate the greatest common factor of j and 20.
20
Suppose 3*c - 126 = -3*l, 5*l = -5*c + l + 212. Calculate the highest common divisor of c and 33.
11
Suppose i - 2 = 6. Suppose -3*x = 4*n - 0*n - 7, -n + 4*x = 3. Suppose -i - n = -3*c. What is the greatest common divisor of 33 and c?
3
Let y(k) = k**3 + 8*k**2 + 10*k + 6. Let q be y(-6). Let t be 7/14 + 6/4. What is the greatest common divisor of q and t?
2
Suppose -q - 2*q + 27 = 0. Suppose 3*i + r + 216 = 6*i, 0 = 2*i + 2*r - 144. What is the highest common factor of q and i?
9
Suppose q - 28 = -2*u - 8, -5*q = 3*u - 30. Let t be -1 + 2 + (0 - 7). Let g be 11*4*(-15)/t. What is the highest common divisor of g and u?
10
Suppose 4*g = 4*y - 124, -9 = g - 4*g. What is the greatest common divisor of 17 and y?
17
Suppose 4*f - 38 = -10. Let u be 157 + 1 + (0 - -1). Suppose 0 = 5*z - 19 - 1, 3*m - u = -3*z. What is the greatest common divisor of m and f?
7
Let w be 10*66/(-385)*(1 - 8). Let z = -13 - -49. Calculate the highest common divisor of w and z.
12
Let c(p) = 4*p - 10. Let d be (5/(-2))/(7/(-14)). Let r be c(d). Calculate the highest common factor of r and 20.
10
Let d be 16 - 3*(-2)/(-3). What is the greatest common factor of d and 35?
7
Suppose -3*o + 16 = -20. What is the highest common factor of 3 and o?
3
Let l be 33 - 1 - (-2 - -3). Suppose -13 + l = 3*v. What is the highest common divisor of 54 and v?
6
Suppose -126 + 34 = -2*k. Calculate the highest common divisor of 23 and k.
23
Suppose 0 = -3*l + 2*x + 18, 4*l + 0*l + x - 35 = 0. What is the highest common divisor of 24 and l?
8
Let d(v) = -v**2 - 4*v + 5. Let f be d(-5). Suppose -b - 7 = -f*b. Let r = 16 + b. Calculate the highest common divisor of 81 and r.
9
Let j(x) = -5*x**2 + 2*x + 1. Let q be j(2). Let y = -6 - q. Let a be (-2 - -2) + -1 + 2. Calculate the greatest common factor of y and a.
1
Let w(o) = o**3 - 6*o**2 + o + 6. Let i be w(6). Let m(k) = -3*k - 3*k + 7*k + 7*k**2. Let f be m(-3). What is the greatest common divisor of i and f?
12
Let w = 44 + 0. What is the greatest common divisor of w and 11?
11
Suppose -s = -38 + 2. Let l = 28 + -19. Calculate the greatest common factor of s and l.
9
Suppose 5 + 0 = -5*p. Let l be p/((-1 + 3)/66). Let r = -23 - l. What is the greatest common divisor of r and 70?
10
Let j(h) = -h. Let q be j(-4). Suppose -q*n + 5 = -3*n. Suppose t = 5*l + 1, -11 = -3*t + 2*t - n*l. Calculate the greatest common divisor of t and 30.
6
Suppose -3*y = -8*y + 10. Suppose 0 = t - 5*k - 95, -3*t + 158 = y*k - 144. What is the highest common factor of 40 and t?
20
Let t = 210 - 110. Suppose -5*g = -2*w + t, w - g - 92 = -w. What is the highest common divisor of w and 9?
9
Let q be (15/(-4) - -3)*-4. Suppose q*p = 5*p - 30. What is the greatest common factor of 3 and p?
3
Suppose 2*c = -3*p + 9, 3*p - 12 = -4*c - p. Let g be (-8)/4 - (c + -4). Calculate the highest common divisor of 18 and g.
2
Let m be -6 - -4 - (-156)/2. Let i be m/28 + (-4)/(-14). Suppose 0 = -n - 0*n - 2*v + 47, 3*n = -i*v + 144. What is the highest common divisor of 7 and n?
7
Suppose 0 = -4*b + 9 + 15. Suppose 2*c + 3*c - b = 3*w, 0 = 5*c - w - 12. Suppose -75 = -c*s - 2*s. Calculate the greatest common divisor of s and 45.
15
Let n = 4 - -6. Let o = 87 - 17. Calculate the greatest common divisor of o and n.
10
Suppose r - 4*x = -4*r - 7, -r + 5*x = 14. Suppose -2*z = -29 - r. Calculate the highest common factor of z and 165.
15
Let q = 45 + -30. Suppose x + 5 = 2*x. Calculate the greatest common divisor of x and q.
5
Let q(m) = 3*m - 5. Let l(h) = -9*h + 16. Let n(z) = -2*l(z) - 7*q(z). Let u be n(-7). Calculate the highest common divisor of u and 72.
24
Suppose -378 = -2*w - 4*w. Calculate the greatest common divisor of 9 and w.
9
Let l = -8 + 21. What is the highest common factor of l and 143?
13
Let o(j) = -j**2 + 9*j + 4. Let s be o(8). Suppose -2*v - 2*v = -s. What is the highest common factor of v and 1?
1
Suppose 4*c - 20 = 0, -185 = -4*r - 4*c - c. Let b be (-2)/10 - (-968)/r. Calculate the highest common factor of b and 168.
24
Let n = 17 - -27. Calculate the highest common factor of 4 and n.
4
Suppose 8*d - 50 = 3*d. Let x = 5 + 0. What is the greatest common factor of x and d?
5
Let r be 215/2 + 3/6. Let j be -1 + 2/2 - -58. Suppose -4*q + 3*g = -r, 0 = 2*q - g + 4 - j. Calculate the highest common factor of 18 and q.
9
Let x(k) = k**3 + 9*k**2 - 9*k + 14. Let d be x(-10). What is the greatest common factor of d and 10?
2
Suppose -90 = -3*s + 2*j, s + 3*j = 4*j + 29. Calculate the highest common divisor of s and 192.
32
Let z be 2*1*(12 + -8). Let r = 12 - z. What is the